{"id":178,"date":"2023-09-27T16:59:34","date_gmt":"2023-09-27T14:59:34","guid":{"rendered":"https:\/\/chupetedrmarinov.cl\/web\/?post_type=product&#038;p=178"},"modified":"2026-04-28T11:36:38","modified_gmt":"2026-04-28T15:36:38","slug":"etapa-3-24-meses","status":"publish","type":"product","link":"https:\/\/chupetedrmarinov.cl\/web\/producto\/etapa-3-24-meses\/","title":{"rendered":"ETAPA 3 (+24 Meses)"},"content":{"rendered":"<p><strong>CARACTER\u00cdSTICAS<\/strong><\/p>\n<ul>\n<li>Dise\u00f1ado para ni\u00f1os mayores de 24 meses.<\/li>\n<li>Simula el Pez\u00f3n y el Pecho Materno.<\/li>\n<li>Tetina recta de textura blanda y suave, disminuyendo la posibilidad de futuras alteraciones del paladar y la mordida.<\/li>\n<li>No posee Pantalla Pl\u00e1stica, evitando la compresi\u00f3n sobre los labios, e irritaci\u00f3n de la boca.<\/li>\n<li>Permite observar la expresi\u00f3n facial del beb\u00e9.<\/li>\n<li>El beb\u00e9 lo succiona imitando la succi\u00f3n del pez\u00f3n materno.<\/li>\n<li>Fabricado en L\u00e1tex de alta pureza con un recubrimiento de Silicona, para evitar la degradaci\u00f3n por la saliva y la sobre infecci\u00f3n por Hongos.<\/li>\n<\/ul>\n<p><strong>SUGERENCIAS<\/strong><\/p>\n<ul>\n<li>El ni\u00f1o lo puede usar hasta que naturalmente lo deje.<\/li>\n<\/ul>\n","protected":false},"excerpt":{"rendered":"<p>CARACTER\u00cdSTICAS Dise\u00f1ado para ni\u00f1os mayores de 24 meses. Simula el Pez\u00f3n y el Pecho Materno. Tetina recta de textura blanda y suave, disminuyendo la posibilidad de futuras alteraciones del paladar y la mordida. No posee Pantalla Pl\u00e1stica, evitando la compresi\u00f3n sobre los labios, e irritaci\u00f3n de la boca. Permite observar la expresi\u00f3n facial del beb\u00e9. [&hellip;]<\/p>\n","protected":false},"featured_media":179,"comment_status":"open","ping_status":"closed","template":"","meta":[],"product_brand":[],"product_cat":[20,24],"product_tag":[],"class_list":{"0":"post-178","1":"product","2":"type-product","3":"status-publish","4":"has-post-thumbnail","6":"product_cat-chupetes","7":"product_cat-etapa-3-3-a-24-meses","9":"first","10":"instock","11":"shipping-taxable","12":"purchasable","13":"product-type-simple"},"_links":{"self":[{"href":"https:\/\/chupetedrmarinov.cl\/web\/wp-json\/wp\/v2\/product\/178","targetHints":{"allow":["GET"]}}],"collection":[{"href":"https:\/\/chupetedrmarinov.cl\/web\/wp-json\/wp\/v2\/product"}],"about":[{"href":"https:\/\/chupetedrmarinov.cl\/web\/wp-json\/wp\/v2\/types\/product"}],"replies":[{"embeddable":true,"href":"https:\/\/chupetedrmarinov.cl\/web\/wp-json\/wp\/v2\/comments?post=178"}],"wp:featuredmedia":[{"embeddable":true,"href":"https:\/\/chupetedrmarinov.cl\/web\/wp-json\/wp\/v2\/media\/179"}],"wp:attachment":[{"href":"https:\/\/chupetedrmarinov.cl\/web\/wp-json\/wp\/v2\/media?parent=178"}],"wp:term":[{"taxonomy":"product_brand","embeddable":true,"href":"https:\/\/chupetedrmarinov.cl\/web\/wp-json\/wp\/v2\/product_brand?post=178"},{"taxonomy":"product_cat","embeddable":true,"href":"https:\/\/chupetedrmarinov.cl\/web\/wp-json\/wp\/v2\/product_cat?post=178"},{"taxonomy":"product_tag","embeddable":true,"href":"https:\/\/chupetedrmarinov.cl\/web\/wp-json\/wp\/v2\/product_tag?post=178"}],"curies":[{"name":"wp","href":"https:\/\/api.w.org\/{rel}","templated":true}]}}